by 131743.
501
Calculate the remainder when 338799 is divided by 1298.
21
Calculate the remainder when 1037761 is divided by 71.
25
Calculate the remainder when 2065911 is divided by 5270.
71
What is the remainder when 2716832 is divided by 123?
8
What is the remainder when 18661661 is divided by 56?
53
What is the remainder when 91248 is divided by 91245?
3
What is the remainder when 197859680 is divided by 129?
125
What is the remainder when 108914180 is divided by 6541?
6530
Calculate the remainder when 156186 is divided by 1794.
108
Calculate the remainder when 1823576 is divided by 364710.
26
What is the remainder when 1292358 is divided by 430784?
6
What is the remainder when 993721 is divided by 141952?
57
Calculate the remainder when 344284 is divided by 344082.
202
Calculate the remainder when 2579446 is divided by 15173.
36
Calculate the remainder when 49211 is divided by 24.
11
What is the remainder when 15622551 is divided by 402?
27
What is the remainder when 1626189 is divided by 1535?
624
What is the remainder when 63136 is divided by 12267?
1801
Calculate the remainder when 3709627 is divided by 907.
904
Calculate the remainder when 7468019 is divided by 84.
83
Calculate the remainder when 130037 is divided by 602.
5
Calculate the remainder when 21776199 is divided by 1288.
1271
What is the remainder when 2404749 is divided by 250?
249
What is the remainder when 2252847 is divided by 1126233?
381
Calculate the remainder when 1977446 is divided by 988723.
0
What is the remainder when 31459 is divided by 907?
621
Calculate the remainder when 295681 is divided by 562.
69
What is the remainder when 35791 is divided by 35191?
600
What is the remainder when 235636 is divided by 304?
36
Calculate the remainder when 7999478 is divided by 1999861.
34
Calculate the remainder when 1592644 is divided by 3277.
22
Calculate the remainder when 12374963 is divided by 2211.
2207
Calculate the remainder when 3096432 is divided by 20238.
18
What is the remainder when 711334 is divided by 307?
15
Calculate the remainder when 685428 is divided by 171349.
32
Calculate the remainder when 475090 is divided by 459.
25
Calculate the remainder when 1068966 is divided by 11258.
10714
Calculate the remainder when 11921891 is divided by 40.
11
What is the remainder when 2769184 is divided by 3385?
254
What is the remainder when 178902 is divided by 29798?
114
What is the remainder when 861390 is divided by 61517?
152
Calculate the remainder when 65823809 is divided by 30.
29
What is the remainder when 283613 is divided by 8?
5
Calculate the remainder when 337500 is divided by 4263.
723
Calculate the remainder when 36236155 is divided by 51.
43
Calculate the remainder when 567226 is divided by 2070.
46
Calculate the remainder when 21173211 is divided by 13.
7
What is the remainder when 6792758 is divided by 1377?
17
What is the remainder when 43129 is divided by 32?
25
What is the remainder when 370710 is divided by 370652?
58
What is the remainder when 153115 is divided by 492?
103
Calculate the remainder when 48877 is divided by 22976.
2925
Calculate the remainder when 9204357 is divided by 95.
92
Calculate the remainder when 422847 is divided by 141.
129
What is the remainder when 649815 is divided by 17552?
391
Calculate the remainder when 509654 is divided by 691.
387
Calculate the remainder when 79561213 is divided by 256.
253
What is the remainder when 21154911 is divided by 94?
23
What is the remainder when 4559871 is divided by 506652?
3
What is the remainder when 44792636 is divided by 576?
572
What is the remainder when 127458 is divided by 724?
34
What is the remainder when 17356797 is divided by 1441?
1393
Calculate the remainder when 5292439 is divided by 86.
85
Calculate the remainder when 127519 is divided by 806.
171
Calculate the remainder when 942476 is divided by 471205.
66
Calculate the remainder when 87673308 is divided by 9.
6
Calculate the remainder when 5280045 is divided by 266.
211
What is the remainder when 1885319 is divided by 13184?
7
What is the remainder when 742185 is divided by 33735?
15
Calculate the remainder when 120055 is divided by 1304.
87
Calculate the remainder when 3657003 is divided by 9.
6
Calculate the remainder when 62869005 is divided by 2767.
2765
What is the remainder when 45697 is divided by 11413?
45
What is the remainder when 18143605 is divided by 6047840?
85
What is the remainder when 6589803 is divided by 253?
165
What is the remainder when 1023605 is divided by 3?
2
Calculate the remainder when 282000 is divided by 1446.
30
What is the remainder when 1326859 is divided by 265368?
19
Calculate the remainder when 1058027 is divided by 654.
509
Calculate the remainder when 49190801 is divided by 229.
227
What is the remainder when 182171 is divided by 1457?
46
Calculate the remainder when 451758 is divided by 5509.
20
What is the remainder when 10952217 is divided by 377?
367
What is the remainder when 2256610123 is divided by 9625?
9623
Calculate the remainder when 4132107 is divided by 1681.
209
Calculate the remainder when 9408065 is divided by 624.
17
Calculate the remainder when 460034 is divided by 248.
242
Calculate the remainder when 1255959 is divided by 23.
21
What is the remainder when 517622 is divided by 103507?
87
Calculate the remainder when 22387927 is divided by 4477585.
2
What is the remainder when 36057997 is divided by 16?
13
Calculate the remainder when 138834 is divided by 9583.
4672
What is the remainder when 15355093 is divided by 5184?
85
Calculate the remainder when 52952412 is divided by 8825402.
0
Calculate the remainder when 573398 is divided by 5407.
256
Calculate the remainder when 59399 is divided by 184.
151
Calculate the remainder when 13336726 is divided by 269.
244
Calculate the remainder when 28959 is divided by 341.
315
What is the remainder when 51103 is divided by 1187?
62
What is the remainder when 105305 is divided by 2821?
928
What is the remainder when 74352 is divided by 74225?
127
What is the remainder when 159787 is divided by 19842?
1051
What is the remainder when 25697 is divided by 1844?
1725
What is the remainder when 1284534 is divided by 542?
536
Calculate the remainder when 270101 is divided by 297.
128
Calculate the remainder when 20265890 is divided by 172.
162
What is the remainder when 2789941 is divided by 518?
511
What is the remainder when 31665 is divided by 2578?
729
Calculate the remainder when 355304 is divided by 88819.
28
Calculate the remainder when 2321320 is divided by 26082.
22
Calculate the remainder when 5293916 is divided by 1942.
24
What is the remainder when 238705 is divided by 11359?
166
Calculate the remainder when 618333 is divided by 8833.
23
What is the remainder when 89367 is divided by 4468?
7
Calculate the remainder when 39831 is divided by 1838.
1233
What is the remainder when 213210 is divided by 16111?
3767
Calculate the remainder when 869876988 is divided by 5728.
5724
What is the remainder when 3044120 is divided by 1014689?
53
What is the remainder when 231732 is divided by 57932?
4
What is the remainder when 61410 is divided by 147?
111
Calculate the remainder when 295714383 is divided by 18.
15
What is the remainder when 1412031 is divided by 1398?
51
Calculate the remainder when 243760 is divided by 3876.
3448
Calculate the remainder when 1838560 is divided by 7535.
20
What is the remainder when 238669 is divided by 7012?
261
Calculate the remainder when 14835447 is divided by 185443.
7
What is the remainder when 16949418 is divided by 2684?
2642
Calculate the remainder when 24653476 is divided by 265.
261
Calculate the remainder when 361166 is divided by 1637.
1026
Calculate the remainder when 7122601 is divided by 7122588.
13
Calculate the remainder when 1907878 is divided by 74.
10
Calculate the remainder when 984106 is divided by 3553.
3478
Calculate the remainder when 390073 is divided by 578.
501
Calculate the remainder when 3823037 is divided by 520.
517
Calculate the remainder when 21667 is divided by 2626.
659
What is the remainder when 6442286 is divided by 3?
2
Calculate the remainder when 50648 is divided by 6.
2
Calculate the remainder when 167170 is divided by 27816.
274
Calculate the remainde